3 is divided by 105?
98
Calculate the remainder when 157 is divided by 24.
13
What is the remainder when 13722 is divided by 103?
23
What is the remainder when 1242529 is divided by 193?
188
What is the remainder when 220870 is divided by 531?
505
What is the remainder when 7272 is divided by 2190?
702
What is the remainder when 1826 is divided by 607?
5
Calculate the remainder when 17506 is divided by 27.
10
Calculate the remainder when 7085 is divided by 172.
33
Calculate the remainder when 20862 is divided by 153.
54
Calculate the remainder when 22199 is divided by 87.
14
Calculate the remainder when 3438 is divided by 139.
102
Calculate the remainder when 6114 is divided by 1723.
945
Calculate the remainder when 1337075 is divided by 761.
759
Calculate the remainder when 22416 is divided by 2667.
1080
Calculate the remainder when 12415 is divided by 1235.
65
What is the remainder when 3961 is divided by 445?
401
What is the remainder when 11535 is divided by 1600?
335
Calculate the remainder when 1114 is divided by 83.
35
What is the remainder when 2504 is divided by 275?
29
What is the remainder when 4746 is divided by 2316?
114
Calculate the remainder when 4340794 is divided by 67.
65
Calculate the remainder when 2584 is divided by 517.
516
Calculate the remainder when 340 is divided by 303.
37
Calculate the remainder when 6972 is divided by 37.
16
What is the remainder when 33207 is divided by 96?
87
Calculate the remainder when 325292 is divided by 29.
28
Calculate the remainder when 629278 is divided by 8.
6
What is the remainder when 9539 is divided by 1839?
344
Calculate the remainder when 331092 is divided by 3720.
12
Calculate the remainder when 44077 is divided by 2.
1
What is the remainder when 24604 is divided by 220?
184
What is the remainder when 199408 is divided by 14243?
6
Calculate the remainder when 364099 is divided by 182043.
13
What is the remainder when 35794 is divided by 8828?
482
Calculate the remainder when 362548 is divided by 1102.
1092
What is the remainder when 233586 is divided by 44?
34
Calculate the remainder when 1071 is divided by 192.
111
What is the remainder when 2612 is divided by 223?
159
Calculate the remainder when 32171 is divided by 173.
166
Calculate the remainder when 8711 is divided by 4347.
17
What is the remainder when 15589 is divided by 213?
40
What is the remainder when 869528 is divided by 309?
2
What is the remainder when 244383 is divided by 98?
69
What is the remainder when 1149386 is divided by 1290?
1286
What is the remainder when 442 is divided by 54?
10
Calculate the remainder when 123673 is divided by 49.
46
What is the remainder when 99915 is divided by 621?
555
What is the remainder when 16494 is divided by 122?
24
Calculate the remainder when 22125 is divided by 26.
25
What is the remainder when 15044 is divided by 33?
29
Calculate the remainder when 584 is divided by 9.
8
Calculate the remainder when 376374 is divided by 572.
570
What is the remainder when 63383 is divided by 35?
33
Calculate the remainder when 4749 is divided by 1008.
717
Calculate the remainder when 25942 is divided by 3705.
7
What is the remainder when 6923 is divided by 3313?
297
Calculate the remainder when 146715 is divided by 22.
19
Calculate the remainder when 102112 is divided by 62.
60
What is the remainder when 2007 is divided by 15?
12
What is the remainder when 288174 is divided by 451?
436
Calculate the remainder when 33061 is divided by 16.
5
What is the remainder when 52008 is divided by 33?
0
What is the remainder when 36307 is divided by 273?
271
What is the remainder when 554 is divided by 11?
4
What is the remainder when 15321 is divided by 729?
12
What is the remainder when 73087 is divided by 3313?
201
What is the remainder when 92742 is divided by 448?
6
What is the remainder when 23067 is divided by 7686?
9
What is the remainder when 771 is divided by 54?
15
Calculate the remainder when 1242033 is divided by 36.
33
What is the remainder when 6908 is divided by 3436?
36
What is the remainder when 1772 is divided by 288?
44
Calculate the remainder when 731131 is divided by 27.
25
Calculate the remainder when 1326 is divided by 88.
6
What is the remainder when 12015 is divided by 4005?
0
Calculate the remainder when 173388 is divided by 86688.
12
Calculate the remainder when 615288 is divided by 32383.
11
Calculate the remainder when 2818 is divided by 141.
139
Calculate the remainder when 2113 is divided by 193.
183
What is the remainder when 333 is divided by 63?
18
Calculate the remainder when 9600 is divided by 2393.
28
Calculate the remainder when 8645 is divided by 237.
113
What is the remainder when 259940 is divided by 8?
4
Calculate the remainder when 18484 is divided by 46.
38
Calculate the remainder when 4062 is divided by 168.
30
What is the remainder when 171790 is divided by 85870?
50
Calculate the remainder when 2467 is divided by 91.
10
Calculate the remainder when 21952 is divided by 955.
942
What is the remainder when 8250 is divided by 8245?
5
What is the remainder when 24003 is divided by 2966?
275
What is the remainder when 1416 is divided by 630?
156
What is the remainder when 977986 is divided by 4?
2
Calculate the remainder when 22794 is divided by 23.
1
What is the remainder when 1599 is divided by 398?
7
Calculate the remainder when 131540 is divided by 126.
122
Calculate the remainder when 46548 is divided by 21.
12
Calculate the remainder when 1267141 is divided by 102.
97
Calculate the remainder when 231674 is divided by 8274.
2
What is the remainder when 1275594 is divided by 349?
348
Calculate the remainder when 290084 is divided by 45.
14
Calculate the remainder when 40566 is divided by 22.
20
What is the remainder when 1692695 is divided by 12?
11
Calculate the remainder when 78986 is divided by 227.
217
What is the remainder when 1596 is divided by 219?
63
What is the remainder when 61730 is divided by 46?
44
Calculate the remainder when 2455 is divided by 1167.
121
What is the remainder when 4617 is divided by 355?
2
Calculate the remainder when 821 is divided by 580.
241
What is the remainder when 347699 is divided by 190?
189
What is the remainder when 2060 is divided by 679?
23
What is the remainder when 16671 is divided by 1666?
11
Calculate the remainder when 167606 is divided by 328.
326
Calculate the remainder when 699 is divided by 229.
12
Calculate the remainder when 93323 is divided by 476.
27
Calculate the remainder when 110372 is divided by 110321.
51
Calculate the remainder when 11129 is divided by 337.
8
What is the remainder when 25534 is divided by 25533?
1
Calculate the remainder when 9510 is divided by 404.
218
Calculate the remainder when 802215 is divided by 133702.
3
What is the remainder when 334569 is divided by 12391?
12
What is the remainder when 9412 is divided by 45?
7
Calculate the remainder when 3340031 is divided by 45.
41
Calculate the remainder when 12701 is divided by 745.
36
Calculate the remainder when 5751 is divided by 1661.
768
Calculate the remainder when 1589 is divided by 11.
5
Calculate the remainder when 3133 is divided by 17.
5
Calculate the remainder when 44211 is divided by 8840.
11
Calculate the remainder when 1102988 is divided by 17.
11
What is the remainder when 2983 is divided by 46?
39
What is the remainder when 7675 is divided by 22?
19
What is the remainder when 9672 is divided by 351?
195
Calculate the remainder when 111357 is divided by 8.
5
What is the remainder when 69519 is divided by 286?
21
Calculate the remainder when 902067 is divided by 117.
114
What is the remainder when 1996 is divided by 1859?
137
What is the remainder when 1056687 is divided by 76?
59
What is the remainder when 4772 is divided by 434?
432
What is the remainder when 128145 is divided by 93?
84
What is the remainder when 7319 is divided by 7308?
11
Calculate the remainder when 20069 is divided by 27.
8
Calculate the remainder when 223273 is divided by 223273.
0
Calculate the remainder when 24245 is divided by 2032.
1893
What is the remainder when 878 is divided by 53?
30
What is the remainder when 19189 is divided by 19?
18
What is the remainder when 174812 is divided by 400?
12
What is the remainder when 1229 is div